10.9.8.10 - - [05/Jun/2011:14:35:38 +0000] "GET / HTTP/1.1" 200 4299 "-" "Mozilla/5.0 (Macintosh; U; Intel Mac OS X 10_6_7; de-de) AppleWebKit/533.21.1 (KHTML, like Gecko) Version/5.0.5 Safari/533.21.1"
10.9.8.10 - - [05/Jun/2011:14:35:51 +0000] "GET /projects/test1 HTTP/1.1" 200 5973 "http://idevstore.lan/" "Mozilla/5.0 (Macintosh; U; Intel Mac OS X 10_6_7; de-de) AppleWebKit/533.21.1 (KHTML, like Gecko) Version/5.0.5 Safari/533.21.1"
10.9.8.51 - - [05/Jun/2011:14:35:59 +0000] "OPTIONS /svn/test1 HTTP/1.1" 401 401 "-" "SVN/1.6.15 (r1038135) neon/0.25.5"
10.9.8.51 - - [05/Jun/2011:14:36:00 +0000] "OPTIONS /svn/test1 HTTP/1.1" 401 401 "-" "SVN/1.6.15 (r1038135) neon/0.25.5"
10.9.8.51 - - [05/Jun/2011:14:36:00 +0000] "OPTIONS /svn/test1 HTTP/1.1" 401 401 "-" "SVN/1.6.15 (r1038135) neon/0.25.5"
10.9.8.10 - - [05/Jun/2011:14:35:59 +0000] "GET /projects/test1/repository HTTP/1.1" 404 4659 "http://idevstore.lan/projects/test1" "Mozilla/5.0 (Macintosh; U; Intel Mac OS X 10_6_7; de-de) AppleWebKit/533.21.1 (KHTML, like Gecko) Version/5.0.5 Safari/533.21.1"
10.9.8.10 - - [05/Jun/2011:14:36:00 +0000] "GET /images/exclamation.png HTTP/1.1" 304 - "http://idevstore.lan/projects/test1/repository" "Mozilla/5.0 (Macintosh; U; Intel Mac OS X 10_6_7; de-de) AppleWebKit/533.21.1 (KHTML, like Gecko) Version/5.0.5 Safari/533.21.1"
127.0.0.1 - - [05/Jun/2011:14:36:01 +0000] "GET /sys/projects.xml?key=zIX44GHFfdKKffNU8zvw HTTP/1.1" 200 2895 "-" "Redmine repository manager/1.3"
10.9.8.10 - - [05/Jun/2011:14:36:51 +0000] "OPTIONS /svn HTTP/1.1" 401 401 "-" "SVN/1.6.5 (r38866) neon/0.28.6"
10.9.8.10 - volker [05/Jun/2011:14:36:54 +0000] "OPTIONS /svn HTTP/1.1" 401 401 "-" "SVN/1.6.5 (r38866) neon/0.28.6"
10.9.8.10 - - [05/Jun/2011:14:37:51 +0000] "OPTIONS /svnroot.redmine/da HTTP/1.1" 404 485 "-" "SVN/1.6.5 (r38866) neon/0.28.6"
10.9.8.10 - - [05/Jun/2011:14:37:59 +0000] "OPTIONS /svn/da HTTP/1.1" 401 401 "-" "SVN/1.6.5 (r38866) neon/0.28.6"
127.0.0.1 - - [05/Jun/2011:14:38:02 +0000] "GET /sys/projects.xml?key=zIX44GHFfdKKffNU8zvw HTTP/1.1" 200 2895 "-" "Redmine repository manager/1.3"
10.9.8.10 - volker [05/Jun/2011:14:38:08 +0000] "OPTIONS /svn/da HTTP/1.1" 404 485 "-" "SVN/1.6.5 (r38866) neon/0.28.6"
127.0.0.1 - - [05/Jun/2011:14:40:01 +0000] "GET /sys/projects.xml?key=zIX44GHFfdKKffNU8zvw HTTP/1.1" 200 2895 "-" "Redmine repository manager/1.3"
127.0.0.1 - - [05/Jun/2011:14:42:02 +0000] "GET /sys/projects.xml?key=zIX44GHFfdKKffNU8zvw HTTP/1.1" 200 2895 "-" "Redmine repository manager/1.3"
127.0.0.1 - - [05/Jun/2011:14:44:01 +0000] "GET /sys/projects.xml?key=zIX44GHFfdKKffNU8zvw HTTP/1.1" 200 2895 "-" "Redmine repository manager/1.3"
127.0.0.1 - - [05/Jun/2011:14:46:02 +0000] "GET /sys/projects.xml?key=zIX44GHFfdKKffNU8zvw HTTP/1.1" 200 2895 "-" "Redmine repository manager/1.3"
127.0.0.1 - - [05/Jun/2011:14:48:01 +0000] "GET /sys/projects.xml?key=zIX44GHFfdKKffNU8zvw HTTP/1.1" 200 2895 "-" "Redmine repository manager/1.3"
127.0.0.1 - - [05/Jun/2011:14:50:01 +0000] "GET /sys/projects.xml?key=zIX44GHFfdKKffNU8zvw HTTP/1.1" 200 2895 "-" "Redmine repository manager/1.3"
127.0.0.1 - - [05/Jun/2011:14:52:01 +0000] "GET /sys/projects.xml?key=zIX44GHFfdKKffNU8zvw HTTP/1.1" 200 2895 "-" "Redmine repository manager/1.3"
127.0.0.1 - - [05/Jun/2011:14:54:01 +0000] "GET /sys/projects.xml?key=zIX44GHFfdKKffNU8zvw HTTP/1.1" 200 2895 "-" "Redmine repository manager/1.3"
127.0.0.1 - - [05/Jun/2011:14:56:01 +0000] "GET /sys/projects.xml?key=zIX44GHFfdKKffNU8zvw HTTP/1.1" 200 2895 "-" "Redmine repository manager/1.3"
127.0.0.1 - - [05/Jun/2011:14:58:01 +0000] "GET /sys/projects.xml?key=zIX44GHFfdKKffNU8zvw HTTP/1.1" 200 2895 "-" "Redmine repository manager/1.3"
127.0.0.1 - - [05/Jun/2011:15:00:02 +0000] "GET /sys/projects.xml?key=zIX44GHFfdKKffNU8zvw HTTP/1.1" 200 2895 "-" "Redmine repository manager/1.3"
127.0.0.1 - - [05/Jun/2011:15:02:01 +0000] "GET /sys/projects.xml?key=zIX44GHFfdKKffNU8zvw HTTP/1.1" 200 2895 "-" "Redmine repository manager/1.3"
127.0.0.1 - - [05/Jun/2011:15:04:02 +0000] "GET /sys/projects.xml?key=zIX44GHFfdKKffNU8zvw HTTP/1.1" 200 2895 "-" "Redmine repository manager/1.3"
127.0.0.1 - - [05/Jun/2011:15:06:01 +0000] "GET /sys/projects.xml?key=zIX44GHFfdKKffNU8zvw HTTP/1.1" 200 2895 "-" "Redmine repository manager/1.3"
127.0.0.1 - - [05/Jun/2011:15:08:02 +0000] "GET /sys/projects.xml?key=zIX44GHFfdKKffNU8zvw HTTP/1.1" 200 2895 "-" "Redmine repository manager/1.3"
127.0.0.1 - - [05/Jun/2011:15:10:01 +0000] "GET /sys/projects.xml?key=zIX44GHFfdKKffNU8zvw HTTP/1.1" 200 2895 "-" "Redmine repository manager/1.3"
127.0.0.1 - - [05/Jun/2011:15:12:01 +0000] "GET /sys/projects.xml?key=zIX44GHFfdKKffNU8zvw HTTP/1.1" 200 2895 "-" "Redmine repository manager/1.3"
127.0.0.1 - - [05/Jun/2011:15:14:01 +0000] "GET /sys/projects.xml?key=zIX44GHFfdKKffNU8zvw HTTP/1.1" 200 2895 "-" "Redmine repository manager/1.3"
127.0.0.1 - - [05/Jun/2011:15:16:01 +0000] "GET /sys/projects.xml?key=zIX44GHFfdKKffNU8zvw HTTP/1.1" 200 2895 "-" "Redmine repository manager/1.3"
10.9.8.10 - - [05/Jun/2011:15:16:40 +0000] "OPTIONS /svn/da HTTP/1.1" 401 401 "-" "SVN/1.6.5 (r38866) neon/0.28.6"
10.9.8.10 - volker [05/Jun/2011:15:16:43 +0000] "OPTIONS /svn/da HTTP/1.1" 404 485 "-" "SVN/1.6.5 (r38866) neon/0.28.6"
10.9.8.10 - - [05/Jun/2011:15:17:02 +0000] "OPTIONS /svn/da HTTP/1.1" 401 401 "-" "SVN/1.6.5 (r38866) neon/0.28.6"
10.9.8.10 - volker [05/Jun/2011:15:17:05 +0000] "OPTIONS /svn/da HTTP/1.1" 404 485 "-" "SVN/1.6.5 (r38866) neon/0.28.6"
10.9.8.10 - - [05/Jun/2011:15:17:26 +0000] "OPTIONS /svn/da HTTP/1.1" 401 401 "-" "SVN/1.6.5 (r38866) neon/0.28.6"
10.9.8.10 - volker [05/Jun/2011:15:17:29 +0000] "OPTIONS /svn/da HTTP/1.1" 404 485 "-" "SVN/1.6.5 (r38866) neon/0.28.6"
127.0.0.1 - - [05/Jun/2011:15:18:02 +0000] "GET /sys/projects.xml?key=zIX44GHFfdKKffNU8zvw HTTP/1.1" 200 2895 "-" "Redmine repository manager/1.3"
127.0.0.1 - - [05/Jun/2011:15:20:01 +0000] "GET /sys/projects.xml?key=zIX44GHFfdKKffNU8zvw HTTP/1.1" 200 2895 "-" "Redmine repository manager/1.3"
127.0.0.1 - - [05/Jun/2011:15:22:02 +0000] "GET /sys/projects.xml?key=zIX44GHFfdKKffNU8zvw HTTP/1.1" 200 2895 "-" "Redmine repository manager/1.3"
127.0.0.1 - - [05/Jun/2011:15:24:01 +0000] "GET /sys/projects.xml?key=zIX44GHFfdKKffNU8zvw HTTP/1.1" 200 2895 "-" "Redmine repository manager/1.3"
127.0.0.1 - - [05/Jun/2011:15:26:02 +0000] "GET /sys/projects.xml?key=zIX44GHFfdKKffNU8zvw HTTP/1.1" 200 2895 "-" "Redmine repository manager/1.3"
127.0.0.1 - - [05/Jun/2011:15:28:01 +0000] "GET /sys/projects.xml?key=zIX44GHFfdKKffNU8zvw HTTP/1.1" 200 2895 "-" "Redmine repository manager/1.3"
127.0.0.1 - - [05/Jun/2011:15:30:02 +0000] "GET /sys/projects.xml?key=zIX44GHFfdKKffNU8zvw HTTP/1.1" 200 2895 "-" "Redmine repository manager/1.3"
10.9.8.10 - - [05/Jun/2011:15:30:23 +0000] "OPTIONS /svn/da HTTP/1.1" 401 401 "-" "SVN/1.6.5 (r38866) neon/0.28.6"
10.9.8.10 - volker [05/Jun/2011:15:30:25 +0000] "OPTIONS /svn/da HTTP/1.1" 404 485 "-" "SVN/1.6.5 (r38866) neon/0.28.6"
10.9.8.10 - - [05/Jun/2011:15:30:43 +0000] "OPTIONS /svn/da HTTP/1.1" 401 401 "-" "SVN/1.6.5 (r38866) neon/0.28.6"
10.9.8.10 - volker [05/Jun/2011:15:30:45 +0000] "OPTIONS /svn/da HTTP/1.1" 404 485 "-" "SVN/1.6.5 (r38866) neon/0.28.6"
10.9.8.10 - - [05/Jun/2011:15:30:52 +0000] "OPTIONS /svnschrott HTTP/1.1" 404 485 "-" "SVN/1.6.5 (r38866) neon/0.28.6"
10.9.8.10 - - [05/Jun/2011:15:31:00 +0000] "OPTIONS /svnroot.redmine/da HTTP/1.1" 404 485 "-" "SVN/1.6.5 (r38866) neon/0.28.6"
10.9.8.10 - - [05/Jun/2011:15:31:06 +0000] "OPTIONS /svn HTTP/1.1" 401 401 "-" "SVN/1.6.5 (r38866) neon/0.28.6"
10.9.8.10 - volker [05/Jun/2011:15:31:09 +0000] "OPTIONS /svn HTTP/1.1" 401 401 "-" "SVN/1.6.5 (r38866) neon/0.28.6"
10.9.8.10 - as [05/Jun/2011:15:31:12 +0000] "OPTIONS /svn HTTP/1.1" 401 401 "-" "SVN/1.6.5 (r38866) neon/0.28.6"
10.9.8.10 - ASDF [05/Jun/2011:15:31:13 +0000] "OPTIONS /svn HTTP/1.1" 401 401 "-" "SVN/1.6.5 (r38866) neon/0.28.6"
127.0.0.1 - - [05/Jun/2011:15:32:01 +0000] "GET /sys/projects.xml?key=zIX44GHFfdKKffNU8zvw HTTP/1.1" 200 2895 "-" "Redmine repository manager/1.3"
127.0.0.1 - - [05/Jun/2011:15:34:01 +0000] "GET /sys/projects.xml?key=zIX44GHFfdKKffNU8zvw HTTP/1.1" 200 2895 "-" "Redmine repository manager/1.3"
127.0.0.1 - - [05/Jun/2011:15:36:02 +0000] "GET /sys/projects.xml?key=zIX44GHFfdKKffNU8zvw HTTP/1.1" 200 2895 "-" "Redmine repository manager/1.3"
127.0.0.1 - - [05/Jun/2011:15:38:01 +0000] "GET /sys/projects.xml?key=zIX44GHFfdKKffNU8zvw HTTP/1.1" 200 2895 "-" "Redmine repository manager/1.3"
127.0.0.1 - - [05/Jun/2011:15:40:02 +0000] "GET /sys/projects.xml?key=zIX44GHFfdKKffNU8zvw HTTP/1.1" 200 2895 "-" "Redmine repository manager/1.3"
127.0.0.1 - - [05/Jun/2011:15:42:01 +0000] "GET /sys/projects.xml?key=zIX44GHFfdKKffNU8zvw HTTP/1.1" 200 2895 "-" "Redmine repository manager/1.3"
127.0.0.1 - - [05/Jun/2011:15:44:02 +0000] "GET /sys/projects.xml?key=zIX44GHFfdKKffNU8zvw HTTP/1.1" 200 2895 "-" "Redmine repository manager/1.3"
127.0.0.1 - - [05/Jun/2011:15:46:01 +0000] "GET /sys/projects.xml?key=zIX44GHFfdKKffNU8zvw HTTP/1.1" 200 2895 "-" "Redmine repository manager/1.3"
127.0.0.1 - - [05/Jun/2011:15:48:02 +0000] "GET /sys/projects.xml?key=zIX44GHFfdKKffNU8zvw HTTP/1.1" 200 2895 "-" "Redmine repository manager/1.3"
127.0.0.1 - - [05/Jun/2011:15:50:01 +0000] "GET /sys/projects.xml?key=zIX44GHFfdKKffNU8zvw HTTP/1.1" 200 2895 "-" "Redmine repository manager/1.3"
10.9.8.10 - - [05/Jun/2011:15:51:44 +0000] "OPTIONS /svn/da HTTP/1.1" 401 401 "-" "SVN/1.6.5 (r38866) neon/0.28.6"
10.9.8.10 - volker [05/Jun/2011:15:51:48 +0000] "OPTIONS /svn/da HTTP/1.1" 404 485 "-" "SVN/1.6.5 (r38866) neon/0.28.6"
127.0.0.1 - - [05/Jun/2011:15:52:02 +0000] "GET /sys/projects.xml?key=zIX44GHFfdKKffNU8zvw HTTP/1.1" 200 2895 "-" "Redmine repository manager/1.3"
10.9.8.10 - - [05/Jun/2011:15:52:31 +0000] "OPTIONS /svn/da HTTP/1.1" 401 401 "-" "SVN/1.6.5 (r38866) neon/0.28.6"
10.9.8.10 - volker [05/Jun/2011:15:52:34 +0000] "OPTIONS /svn/da HTTP/1.1" 404 485 "-" "SVN/1.6.5 (r38866) neon/0.28.6"
10.9.8.10 - - [05/Jun/2011:15:52:51 +0000] "OPTIONS /svn/da HTTP/1.1" 401 401 "-" "SVN/1.6.5 (r38866) neon/0.28.6"
10.9.8.10 - volker [05/Jun/2011:15:52:57 +0000] "OPTIONS /svn/da HTTP/1.1" 404 485 "-" "SVN/1.6.5 (r38866) neon/0.28.6"
127.0.0.1 - - [05/Jun/2011:15:54:01 +0000] "GET /sys/projects.xml?key=zIX44GHFfdKKffNU8zvw HTTP/1.1" 200 2895 "-" "Redmine repository manager/1.3"
127.0.0.1 - - [05/Jun/2011:15:56:01 +0000] "GET /sys/projects.xml?key=zIX44GHFfdKKffNU8zvw HTTP/1.1" 200 2895 "-" "Redmine repository manager/1.3"
10.9.8.10 - - [05/Jun/2011:15:57:54 +0000] "OPTIONS /svn/da HTTP/1.1" 401 401 "-" "SVN/1.6.5 (r38866) neon/0.28.6"
10.9.8.10 - volker [05/Jun/2011:15:57:57 +0000] "OPTIONS /svn/da HTTP/1.1" 404 485 "-" "SVN/1.6.5 (r38866) neon/0.28.6"
127.0.0.1 - - [05/Jun/2011:15:58:01 +0000] "GET /sys/projects.xml?key=zIX44GHFfdKKffNU8zvw HTTP/1.1" 200 2895 "-" "Redmine repository manager/1.3"
127.0.0.1 - - [05/Jun/2011:16:00:01 +0000] "GET /sys/projects.xml?key=zIX44GHFfdKKffNU8zvw HTTP/1.1" 200 2895 "-" "Redmine repository manager/1.3"
127.0.0.1 - - [05/Jun/2011:16:02:01 +0000] "GET /sys/projects.xml?key=zIX44GHFfdKKffNU8zvw HTTP/1.1" 200 2895 "-" "Redmine repository manager/1.3"
127.0.0.1 - - [05/Jun/2011:16:04:01 +0000] "GET /sys/projects.xml?key=zIX44GHFfdKKffNU8zvw HTTP/1.1" 200 2895 "-" "Redmine repository manager/1.3"
10.9.8.10 - - [05/Jun/2011:16:04:29 +0000] "OPTIONS /svn/da HTTP/1.1" 401 401 "-" "SVN/1.6.5 (r38866) neon/0.28.6"
10.9.8.10 - volker [05/Jun/2011:16:04:31 +0000] "OPTIONS /svn/da HTTP/1.1" 404 485 "-" "SVN/1.6.5 (r38866) neon/0.28.6"
127.0.0.1 - - [05/Jun/2011:16:06:02 +0000] "GET /sys/projects.xml?key=zIX44GHFfdKKffNU8zvw HTTP/1.1" 200 2895 "-" "Redmine repository manager/1.3"
127.0.0.1 - - [05/Jun/2011:16:08:01 +0000] "GET /sys/projects.xml?key=zIX44GHFfdKKffNU8zvw HTTP/1.1" 200 2895 "-" "Redmine repository manager/1.3"
127.0.0.1 - - [05/Jun/2011:16:10:02 +0000] "GET /sys/projects.xml?key=zIX44GHFfdKKffNU8zvw HTTP/1.1" 200 2895 "-" "Redmine repository manager/1.3"
10.9.8.10 - - [05/Jun/2011:16:12:30 +0000] "OPTIONS /svn/da HTTP/1.1" 401 401 "-" "SVN/1.6.5 (r38866) neon/0.28.6"
10.9.8.10 - volker [05/Jun/2011:16:12:33 +0000] "OPTIONS /svn/da HTTP/1.1" 404 485 "-" "SVN/1.6.5 (r38866) neon/0.28.6"
127.0.0.1 - - [05/Jun/2011:16:14:01 +0000] "GET /sys/projects.xml?key=zIX44GHFfdKKffNU8zvw HTTP/1.1" 200 2895 "-" "Redmine repository manager/1.3"
127.0.0.1 - - [05/Jun/2011:16:16:01 +0000] "GET /sys/projects.xml?key=zIX44GHFfdKKffNU8zvw HTTP/1.1" 200 2895 "-" "Redmine repository manager/1.3"
127.0.0.1 - - [05/Jun/2011:16:18:01 +0000] "GET /sys/projects.xml?key=zIX44GHFfdKKffNU8zvw HTTP/1.1" 200 2895 "-" "Redmine repository manager/1.3"
127.0.0.1 - - [05/Jun/2011:16:20:01 +0000] "GET /sys/projects.xml?key=zIX44GHFfdKKffNU8zvw HTTP/1.1" 200 2895 "-" "Redmine repository manager/1.3"
127.0.0.1 - - [05/Jun/2011:16:22:01 +0000] "GET /sys/projects.xml?key=zIX44GHFfdKKffNU8zvw HTTP/1.1" 200 2895 "-" "Redmine repository manager/1.3"
10.9.8.10 - - [05/Jun/2011:16:22:41 +0000] "OPTIONS /svn/da HTTP/1.1" 401 401 "-" "SVN/1.6.5 (r38866) neon/0.28.6"
10.9.8.10 - volker [05/Jun/2011:16:22:45 +0000] "OPTIONS /svn/da HTTP/1.1" 404 485 "-" "SVN/1.6.5 (r38866) neon/0.28.6"
127.0.0.1 - - [05/Jun/2011:16:24:02 +0000] "GET /sys/projects.xml?key=zIX44GHFfdKKffNU8zvw HTTP/1.1" 200 2895 "-" "Redmine repository manager/1.3"
127.0.0.1 - - [05/Jun/2011:16:26:01 +0000] "GET /sys/projects.xml?key=zIX44GHFfdKKffNU8zvw HTTP/1.1" 200 2895 "-" "Redmine repository manager/1.3"
127.0.0.1 - - [05/Jun/2011:16:28:02 +0000] "GET /sys/projects.xml?key=zIX44GHFfdKKffNU8zvw HTTP/1.1" 200 2895 "-" "Redmine repository manager/1.3"
127.0.0.1 - - [05/Jun/2011:16:30:01 +0000] "GET /sys/projects.xml?key=zIX44GHFfdKKffNU8zvw HTTP/1.1" 200 2895 "-" "Redmine repository manager/1.3"
127.0.0.1 - - [05/Jun/2011:16:32:02 +0000] "GET /sys/projects.xml?key=zIX44GHFfdKKffNU8zvw HTTP/1.1" 200 2895 "-" "Redmine repository manager/1.3"
10.9.8.10 - - [05/Jun/2011:16:33:07 +0000] "OPTIONS /svn/da HTTP/1.1" 401 401 "-" "SVN/1.6.5 (r38866) neon/0.28.6"
10.9.8.10 - volker [05/Jun/2011:16:33:10 +0000] "OPTIONS /svn/da HTTP/1.1" 404 485 "-" "SVN/1.6.5 (r38866) neon/0.28.6"
127.0.0.1 - - [05/Jun/2011:16:34:01 +0000] "GET /sys/projects.xml?key=zIX44GHFfdKKffNU8zvw HTTP/1.1" 200 2895 "-" "Redmine repository manager/1.3"
10.9.8.10 - - [05/Jun/2011:16:35:00 +0000] "GET /projects/test1/activity HTTP/1.1" 200 6586 "http://idevstore.lan/projects/test1/repository" "Mozilla/5.0 (Macintosh; U; Intel Mac OS X 10_6_7; de-de) AppleWebKit/533.21.1 (KHTML, like Gecko) Version/5.0.5 Safari/533.21.1"
10.9.8.10 - - [05/Jun/2011:16:35:04 +0000] "GET /projects/test1 HTTP/1.1" 304 - "http://idevstore.lan/projects/test1/activity" "Mozilla/5.0 (Macintosh; U; Intel Mac OS X 10_6_7; de-de) AppleWebKit/533.21.1 (KHTML, like Gecko) Version/5.0.5 Safari/533.21.1"
10.9.8.10 - - [05/Jun/2011:16:35:07 +0000] "GET /projects HTTP/1.1" 200 4727 "http://idevstore.lan/projects/test1" "Mozilla/5.0 (Macintosh; U; Intel Mac OS X 10_6_7; de-de) AppleWebKit/533.21.1 (KHTML, like Gecko) Version/5.0.5 Safari/533.21.1"
10.9.8.10 - - [05/Jun/2011:16:35:09 +0000] "GET /projects/da HTTP/1.1" 200 6154 "http://idevstore.lan/projects" "Mozilla/5.0 (Macintosh; U; Intel Mac OS X 10_6_7; de-de) AppleWebKit/533.21.1 (KHTML, like Gecko) Version/5.0.5 Safari/533.21.1"
10.9.8.10 - - [05/Jun/2011:16:35:12 +0000] "GET /projects/da/roadmap HTTP/1.1" 200 5918 "http://idevstore.lan/projects/da" "Mozilla/5.0 (Macintosh; U; Intel Mac OS X 10_6_7; de-de) AppleWebKit/533.21.1 (KHTML, like Gecko) Version/5.0.5 Safari/533.21.1"
10.9.8.10 - - [05/Jun/2011:16:35:12 +0000] "GET /images/package.png HTTP/1.1" 200 800 "http://idevstore.lan/projects/da/roadmap" "Mozilla/5.0 (Macintosh; U; Intel Mac OS X 10_6_7; de-de) AppleWebKit/533.21.1 (KHTML, like Gecko) Version/5.0.5 Safari/533.21.1"
10.9.8.10 - - [05/Jun/2011:16:35:24 +0000] "GET /projects/da/settings HTTP/1.1" 200 27163 "http://idevstore.lan/projects/da/roadmap" "Mozilla/5.0 (Macintosh; U; Intel Mac OS X 10_6_7; de-de) AppleWebKit/533.21.1 (KHTML, like Gecko) Version/5.0.5 Safari/533.21.1"
10.9.8.10 - - [05/Jun/2011:16:35:36 +0000] "GET /projects/da/versions/new HTTP/1.1" 200 6861 "http://idevstore.lan/projects/da/settings" "Mozilla/5.0 (Macintosh; U; Intel Mac OS X 10_6_7; de-de) AppleWebKit/533.21.1 (KHTML, like Gecko) Version/5.0.5 Safari/533.21.1"
10.9.8.10 - - [05/Jun/2011:16:35:36 +0000] "GET /javascripts/calendar/calendar.js?1306774282 HTTP/1.1" 200 49693 "http://idevstore.lan/projects/da/versions/new" "Mozilla/5.0 (Macintosh; U; Intel Mac OS X 10_6_7; de-de) AppleWebKit/533.21.1 (KHTML, like Gecko) Version/5.0.5 Safari/533.21.1"
10.9.8.10 - - [05/Jun/2011:16:35:36 +0000] "GET /javascripts/calendar/lang/calendar-de.js?1306774282 HTTP/1.1" 200 3980 "http://idevstore.lan/projects/da/versions/new" "Mozilla/5.0 (Macintosh; U; Intel Mac OS X 10_6_7; de-de) AppleWebKit/533.21.1 (KHTML, like Gecko) Version/5.0.5 Safari/533.21.1"
10.9.8.10 - - [05/Jun/2011:16:35:36 +0000] "GET /stylesheets/calendar.css?1306774282 HTTP/1.1" 200 5021 "http://idevstore.lan/projects/da/versions/new" "Mozilla/5.0 (Macintosh; U; Intel Mac OS X 10_6_7; de-de) AppleWebKit/533.21.1 (KHTML, like Gecko) Version/5.0.5 Safari/533.21.1"
10.9.8.10 - - [05/Jun/2011:16:35:36 +0000] "GET /javascripts/calendar/calendar-setup.js?1306774282 HTTP/1.1" 200 8839 "http://idevstore.lan/projects/da/versions/new" "Mozilla/5.0 (Macintosh; U; Intel Mac OS X 10_6_7; de-de) AppleWebKit/533.21.1 (KHTML, like Gecko) Version/5.0.5 Safari/533.21.1"
10.9.8.10 - - [05/Jun/2011:16:35:36 +0000] "GET /images/calendar.png?1306774281 HTTP/1.1" 200 622 "http://idevstore.lan/projects/da/versions/new" "Mozilla/5.0 (Macintosh; U; Intel Mac OS X 10_6_7; de-de) AppleWebKit/533.21.1 (KHTML, like Gecko) Version/5.0.5 Safari/533.21.1"
10.9.8.10 - - [05/Jun/2011:16:36:00 +0000] "POST /projects/da/versions HTTP/1.1" 302 116 "http://idevstore.lan/projects/da/versions/new" "Mozilla/5.0 (Macintosh; U; Intel Mac OS X 10_6_7; de-de) AppleWebKit/533.21.1 (KHTML, like Gecko) Version/5.0.5 Safari/533.21.1"
10.9.8.10 - - [05/Jun/2011:16:36:00 +0000] "GET /projects/da/settings/versions HTTP/1.1" 200 28281 "http://idevstore.lan/projects/da/versions/new" "Mozilla/5.0 (Macintosh; U; Intel Mac OS X 10_6_7; de-de) AppleWebKit/533.21.1 (KHTML, like Gecko) Version/5.0.5 Safari/533.21.1"
10.9.8.10 - - [05/Jun/2011:16:36:00 +0000] "GET /javascripts/effects.js?1306774282 HTTP/1.1" 304 - "http://idevstore.lan/projects/da/settings/versions" "Mozilla/5.0 (Macintosh; U; Intel Mac OS X 10_6_7; de-de) AppleWebKit/533.21.1 (KHTML, like Gecko) Version/5.0.5 Safari/533.21.1"
10.9.8.10 - - [05/Jun/2011:16:36:01 +0000] "GET /javascripts/controls.js?1306774282 HTTP/1.1" 304 - "http://idevstore.lan/projects/da/settings/versions" "Mozilla/5.0 (Macintosh; U; Intel Mac OS X 10_6_7; de-de) AppleWebKit/533.21.1 (KHTML, like Gecko) Version/5.0.5 Safari/533.21.1"
10.9.8.10 - - [05/Jun/2011:16:36:01 +0000] "GET /javascripts/jstoolbar/jstoolbar.js?1306774282 HTTP/1.1" 304 - "http://idevstore.lan/projects/da/settings/versions" "Mozilla/5.0 (Macintosh; U; Intel Mac OS X 10_6_7; de-de) AppleWebKit/533.21.1 (KHTML, like Gecko) Version/5.0.5 Safari/533.21.1"
10.9.8.10 - - [05/Jun/2011:16:36:01 +0000] "GET /javascripts/jstoolbar/textile.js?1306774282 HTTP/1.1" 304 - "http://idevstore.lan/projects/da/settings/versions" "Mozilla/5.0 (Macintosh; U; Intel Mac OS X 10_6_7; de-de) AppleWebKit/533.21.1 (KHTML, like Gecko) Version/5.0.5 Safari/533.21.1"
10.9.8.10 - - [05/Jun/2011:16:36:01 +0000] "GET /javascripts/prototype.js?1306774282 HTTP/1.1" 304 - "http://idevstore.lan/projects/da/settings/versions" "Mozilla/5.0 (Macintosh; U; Intel Mac OS X 10_6_7; de-de) AppleWebKit/533.21.1 (KHTML, like Gecko) Version/5.0.5 Safari/533.21.1"
10.9.8.10 - - [05/Jun/2011:16:36:01 +0000] "GET /stylesheets/application.css?1306774282 HTTP/1.1" 304 - "http://idevstore.lan/projects/da/settings/versions" "Mozilla/5.0 (Macintosh; U; Intel Mac OS X 10_6_7; de-de) AppleWebKit/533.21.1 (KHTML, like Gecko) Version/5.0.5 Safari/533.21.1"
10.9.8.10 - - [05/Jun/2011:16:36:01 +0000] "GET /stylesheets/jstoolbar.css?1306774282 HTTP/1.1" 304 - "http://idevstore.lan/projects/da/settings/versions" "Mozilla/5.0 (Macintosh; U; Intel Mac OS X 10_6_7; de-de) AppleWebKit/533.21.1 (KHTML, like Gecko) Version/5.0.5 Safari/533.21.1"
10.9.8.10 - - [05/Jun/2011:16:36:01 +0000] "GET /javascripts/application.js?1306774282 HTTP/1.1" 304 - "http://idevstore.lan/projects/da/settings/versions" "Mozilla/5.0 (Macintosh; U; Intel Mac OS X 10_6_7; de-de) AppleWebKit/533.21.1 (KHTML, like Gecko) Version/5.0.5 Safari/533.21.1"
10.9.8.10 - - [05/Jun/2011:16:36:01 +0000] "GET /javascripts/dragdrop.js?1306774282 HTTP/1.1" 304 - "http://idevstore.lan/projects/da/settings/versions" "Mozilla/5.0 (Macintosh; U; Intel Mac OS X 10_6_7; de-de) AppleWebKit/533.21.1 (KHTML, like Gecko) Version/5.0.5 Safari/533.21.1"
10.9.8.10 - - [05/Jun/2011:16:36:01 +0000] "GET /javascripts/jstoolbar/lang/jstoolbar-de.js?1306774282 HTTP/1.1" 304 - "http://idevstore.lan/projects/da/settings/versions" "Mozilla/5.0 (Macintosh; U; Intel Mac OS X 10_6_7; de-de) AppleWebKit/533.21.1 (KHTML, like Gecko) Version/5.0.5 Safari/533.21.1"
10.9.8.10 - - [05/Jun/2011:16:36:01 +0000] "GET /images/delete.png HTTP/1.1" 304 - "http://idevstore.lan/projects/da/settings/versions" "Mozilla/5.0 (Macintosh; U; Intel Mac OS X 10_6_7; de-de) AppleWebKit/533.21.1 (KHTML, like Gecko) Version/5.0.5 Safari/533.21.1"
10.9.8.10 - - [05/Jun/2011:16:36:01 +0000] "GET /images/edit.png HTTP/1.1" 304 - "http://idevstore.lan/projects/da/settings/versions" "Mozilla/5.0 (Macintosh; U; Intel Mac OS X 10_6_7; de-de) AppleWebKit/533.21.1 (KHTML, like Gecko) Version/5.0.5 Safari/533.21.1"
10.9.8.10 - - [05/Jun/2011:16:36:01 +0000] "GET /images/true.png HTTP/1.1" 304 - "http://idevstore.lan/projects/da/settings/versions" "Mozilla/5.0 (Macintosh; U; Intel Mac OS X 10_6_7; de-de) AppleWebKit/533.21.1 (KHTML, like Gecko) Version/5.0.5 Safari/533.21.1"
10.9.8.10 - - [05/Jun/2011:16:36:01 +0000] "GET /images/toggle_check.png?1306774281 HTTP/1.1" 304 - "http://idevstore.lan/projects/da/settings/versions" "Mozilla/5.0 (Macintosh; U; Intel Mac OS X 10_6_7; de-de) AppleWebKit/533.21.1 (KHTML, like Gecko) Version/5.0.5 Safari/533.21.1"
127.0.0.1 - - [05/Jun/2011:16:36:02 +0000] "GET /sys/projects.xml?key=zIX44GHFfdKKffNU8zvw HTTP/1.1" 200 2895 "-" "Redmine repository manager/1.3"
10.9.8.10 - - [05/Jun/2011:16:36:05 +0000] "GET /versions/show/2 HTTP/1.1" 200 5305 "http://idevstore.lan/projects/da/settings/versions" "Mozilla/5.0 (Macintosh; U; Intel Mac OS X 10_6_7; de-de) AppleWebKit/533.21.1 (KHTML, like Gecko) Version/5.0.5 Safari/533.21.1"
10.9.8.10 - - [05/Jun/2011:16:36:08 +0000] "GET /projects/da/settings/versions HTTP/1.1" 200 28229 "http://idevstore.lan/projects/da/versions/new" "Mozilla/5.0 (Macintosh; U; Intel Mac OS X 10_6_7; de-de) AppleWebKit/533.21.1 (KHTML, like Gecko) Version/5.0.5 Safari/533.21.1"
::1 - - [05/Jun/2011:16:36:08 +0000] "OPTIONS * HTTP/1.0" 200 - "-" "Apache (internal dummy connection)"
10.9.8.10 - - [05/Jun/2011:16:36:10 +0000] "GET /versions/edit/2 HTTP/1.1" 200 6945 "http://idevstore.lan/projects/da/settings/versions" "Mozilla/5.0 (Macintosh; U; Intel Mac OS X 10_6_7; de-de) AppleWebKit/533.21.1 (KHTML, like Gecko) Version/5.0.5 Safari/533.21.1"
10.9.8.10 - - [05/Jun/2011:16:36:14 +0000] "POST /projects/da/versions/2 HTTP/1.1" 302 116 "http://idevstore.lan/versions/edit/2" "Mozilla/5.0 (Macintosh; U; Intel Mac OS X 10_6_7; de-de) AppleWebKit/533.21.1 (KHTML, like Gecko) Version/5.0.5 Safari/533.21.1"
10.9.8.10 - - [05/Jun/2011:16:36:14 +0000] "GET /projects/da/settings/versions HTTP/1.1" 200 28279 "http://idevstore.lan/versions/edit/2" "Mozilla/5.0 (Macintosh; U; Intel Mac OS X 10_6_7; de-de) AppleWebKit/533.21.1 (KHTML, like Gecko) Version/5.0.5 Safari/533.21.1"
10.9.8.10 - - [05/Jun/2011:16:36:14 +0000] "GET /stylesheets/application.css?1306774282 HTTP/1.1" 304 - "http://idevstore.lan/projects/da/settings/versions" "Mozilla/5.0 (Macintosh; U; Intel Mac OS X 10_6_7; de-de) AppleWebKit/533.21.1 (KHTML, like Gecko) Version/5.0.5 Safari/533.21.1"
10.9.8.10 - - [05/Jun/2011:16:36:14 +0000] "GET /javascripts/prototype.js?1306774282 HTTP/1.1" 304 - "http://idevstore.lan/projects/da/settings/versions" "Mozilla/5.0 (Macintosh; U; Intel Mac OS X 10_6_7; de-de) AppleWebKit/533.21.1 (KHTML, like Gecko) Version/5.0.5 Safari/533.21.1"
10.9.8.10 - - [05/Jun/2011:16:36:14 +0000] "GET /stylesheets/jstoolbar.css?1306774282 HTTP/1.1" 304 - "http://idevstore.lan/projects/da/settings/versions" "Mozilla/5.0 (Macintosh; U; Intel Mac OS X 10_6_7; de-de) AppleWebKit/533.21.1 (KHTML, like Gecko) Version/5.0.5 Safari/533.21.1"
10.9.8.10 - - [05/Jun/2011:16:36:14 +0000] "GET /javascripts/jstoolbar/jstoolbar.js?1306774282 HTTP/1.1" 304 - "http://idevstore.lan/projects/da/settings/versions" "Mozilla/5.0 (Macintosh; U; Intel Mac OS X 10_6_7; de-de) AppleWebKit/533.21.1 (KHTML, like Gecko) Version/5.0.5 Safari/533.21.1"
10.9.8.10 - - [05/Jun/2011:16:36:14 +0000] "GET /javascripts/jstoolbar/lang/jstoolbar-de.js?1306774282 HTTP/1.1" 304 - "http://idevstore.lan/projects/da/settings/versions" "Mozilla/5.0 (Macintosh; U; Intel Mac OS X 10_6_7; de-de) AppleWebKit/533.21.1 (KHTML, like Gecko) Version/5.0.5 Safari/533.21.1"
10.9.8.10 - - [05/Jun/2011:16:36:15 +0000] "GET /javascripts/controls.js?1306774282 HTTP/1.1" 304 - "http://idevstore.lan/projects/da/settings/versions" "Mozilla/5.0 (Macintosh; U; Intel Mac OS X 10_6_7; de-de) AppleWebKit/533.21.1 (KHTML, like Gecko) Version/5.0.5 Safari/533.21.1"
10.9.8.10 - - [05/Jun/2011:16:36:15 +0000] "GET /javascripts/effects.js?1306774282 HTTP/1.1" 304 - "http://idevstore.lan/projects/da/settings/versions" "Mozilla/5.0 (Macintosh; U; Intel Mac OS X 10_6_7; de-de) AppleWebKit/533.21.1 (KHTML, like Gecko) Version/5.0.5 Safari/533.21.1"
10.9.8.10 - - [05/Jun/2011:16:36:15 +0000] "GET /javascripts/jstoolbar/textile.js?1306774282 HTTP/1.1" 304 - "http://idevstore.lan/projects/da/settings/versions" "Mozilla/5.0 (Macintosh; U; Intel Mac OS X 10_6_7; de-de) AppleWebKit/533.21.1 (KHTML, like Gecko) Version/5.0.5 Safari/533.21.1"
10.9.8.10 - - [05/Jun/2011:16:36:15 +0000] "GET /javascripts/dragdrop.js?1306774282 HTTP/1.1" 304 - "http://idevstore.lan/projects/da/settings/versions" "Mozilla/5.0 (Macintosh; U; Intel Mac OS X 10_6_7; de-de) AppleWebKit/533.21.1 (KHTML, like Gecko) Version/5.0.5 Safari/533.21.1"
10.9.8.10 - - [05/Jun/2011:16:36:15 +0000] "GET /javascripts/application.js?1306774282 HTTP/1.1" 304 - "http://idevstore.lan/projects/da/settings/versions" "Mozilla/5.0 (Macintosh; U; Intel Mac OS X 10_6_7; de-de) AppleWebKit/533.21.1 (KHTML, like Gecko) Version/5.0.5 Safari/533.21.1"
10.9.8.10 - - [05/Jun/2011:16:36:15 +0000] "GET /images/toggle_check.png?1306774281 HTTP/1.1" 304 - "http://idevstore.lan/projects/da/settings/versions" "Mozilla/5.0 (Macintosh; U; Intel Mac OS X 10_6_7; de-de) AppleWebKit/533.21.1 (KHTML, like Gecko) Version/5.0.5 Safari/533.21.1"
10.9.8.10 - - [05/Jun/2011:16:36:15 +0000] "GET /images/delete.png HTTP/1.1" 304 - "http://idevstore.lan/projects/da/settings/versions" "Mozilla/5.0 (Macintosh; U; Intel Mac OS X 10_6_7; de-de) AppleWebKit/533.21.1 (KHTML, like Gecko) Version/5.0.5 Safari/533.21.1"
10.9.8.10 - - [05/Jun/2011:16:36:15 +0000] "GET /images/edit.png HTTP/1.1" 304 - "http://idevstore.lan/projects/da/settings/versions" "Mozilla/5.0 (Macintosh; U; Intel Mac OS X 10_6_7; de-de) AppleWebKit/533.21.1 (KHTML, like Gecko) Version/5.0.5 Safari/533.21.1"
10.9.8.10 - - [05/Jun/2011:16:36:15 +0000] "GET /images/true.png HTTP/1.1" 304 - "http://idevstore.lan/projects/da/settings/versions" "Mozilla/5.0 (Macintosh; U; Intel Mac OS X 10_6_7; de-de) AppleWebKit/533.21.1 (KHTML, like Gecko) Version/5.0.5 Safari/533.21.1"
10.9.8.10 - - [05/Jun/2011:16:36:18 +0000] "GET /versions/edit/1 HTTP/1.1" 200 6961 "http://idevstore.lan/projects/da/settings/versions" "Mozilla/5.0 (Macintosh; U; Intel Mac OS X 10_6_7; de-de) AppleWebKit/533.21.1 (KHTML, like Gecko) Version/5.0.5 Safari/533.21.1"
10.9.8.10 - - [05/Jun/2011:16:36:21 +0000] "POST /projects/da/versions/1 HTTP/1.1" 302 116 "http://idevstore.lan/versions/edit/1" "Mozilla/5.0 (Macintosh; U; Intel Mac OS X 10_6_7; de-de) AppleWebKit/533.21.1 (KHTML, like Gecko) Version/5.0.5 Safari/533.21.1"
10.9.8.10 - - [05/Jun/2011:16:36:21 +0000] "GET /projects/da/settings/versions HTTP/1.1" 200 28279 "http://idevstore.lan/versions/edit/1" "Mozilla/5.0 (Macintosh; U; Intel Mac OS X 10_6_7; de-de) AppleWebKit/533.21.1 (KHTML, like Gecko) Version/5.0.5 Safari/533.21.1"
10.9.8.10 - - [05/Jun/2011:16:36:21 +0000] "GET /javascripts/effects.js?1306774282 HTTP/1.1" 304 - "http://idevstore.lan/projects/da/settings/versions" "Mozilla/5.0 (Macintosh; U; Intel Mac OS X 10_6_7; de-de) AppleWebKit/533.21.1 (KHTML, like Gecko) Version/5.0.5 Safari/533.21.1"
10.9.8.10 - - [05/Jun/2011:16:36:21 +0000] "GET /javascripts/controls.js?1306774282 HTTP/1.1" 304 - "http://idevstore.lan/projects/da/settings/versions" "Mozilla/5.0 (Macintosh; U; Intel Mac OS X 10_6_7; de-de) AppleWebKit/533.21.1 (KHTML, like Gecko) Version/5.0.5 Safari/533.21.1"
10.9.8.10 - - [05/Jun/2011:16:36:21 +0000] "GET /javascripts/dragdrop.js?1306774282 HTTP/1.1" 304 - "http://idevstore.lan/projects/da/settings/versions" "Mozilla/5.0 (Macintosh; U; Intel Mac OS X 10_6_7; de-de) AppleWebKit/533.21.1 (KHTML, like Gecko) Version/5.0.5 Safari/533.21.1"
10.9.8.10 - - [05/Jun/2011:16:36:21 +0000] "GET /javascripts/jstoolbar/jstoolbar.js?1306774282 HTTP/1.1" 304 - "http://idevstore.lan/projects/da/settings/versions" "Mozilla/5.0 (Macintosh; U; Intel Mac OS X 10_6_7; de-de) AppleWebKit/533.21.1 (KHTML, like Gecko) Version/5.0.5 Safari/533.21.1"
10.9.8.10 - - [05/Jun/2011:16:36:21 +0000] "GET /javascripts/prototype.js?1306774282 HTTP/1.1" 304 - "http://idevstore.lan/projects/da/settings/versions" "Mozilla/5.0 (Macintosh; U; Intel Mac OS X 10_6_7; de-de) AppleWebKit/533.21.1 (KHTML, like Gecko) Version/5.0.5 Safari/533.21.1"
10.9.8.10 - - [05/Jun/2011:16:36:21 +0000] "GET /javascripts/jstoolbar/textile.js?1306774282 HTTP/1.1" 304 - "http://idevstore.lan/projects/da/settings/versions" "Mozilla/5.0 (Macintosh; U; Intel Mac OS X 10_6_7; de-de) AppleWebKit/533.21.1 (KHTML, like Gecko) Version/5.0.5 Safari/533.21.1"
10.9.8.10 - - [05/Jun/2011:16:36:21 +0000] "GET /stylesheets/application.css?1306774282 HTTP/1.1" 304 - "http://idevstore.lan/projects/da/settings/versions" "Mozilla/5.0 (Macintosh; U; Intel Mac OS X 10_6_7; de-de) AppleWebKit/533.21.1 (KHTML, like Gecko) Version/5.0.5 Safari/533.21.1"
10.9.8.10 - - [05/Jun/2011:16:36:21 +0000] "GET /javascripts/application.js?1306774282 HTTP/1.1" 304 - "http://idevstore.lan/projects/da/settings/versions" "Mozilla/5.0 (Macintosh; U; Intel Mac OS X 10_6_7; de-de) AppleWebKit/533.21.1 (KHTML, like Gecko) Version/5.0.5 Safari/533.21.1"
10.9.8.10 - - [05/Jun/2011:16:36:21 +0000] "GET /stylesheets/jstoolbar.css?1306774282 HTTP/1.1" 304 - "http://idevstore.lan/projects/da/settings/versions" "Mozilla/5.0 (Macintosh; U; Intel Mac OS X 10_6_7; de-de) AppleWebKit/533.21.1 (KHTML, like Gecko) Version/5.0.5 Safari/533.21.1"
10.9.8.10 - - [05/Jun/2011:16:36:21 +0000] "GET /javascripts/jstoolbar/lang/jstoolbar-de.js?1306774282 HTTP/1.1" 304 - "http://idevstore.lan/projects/da/settings/versions" "Mozilla/5.0 (Macintosh; U; Intel Mac OS X 10_6_7; de-de) AppleWebKit/533.21.1 (KHTML, like Gecko) Version/5.0.5 Safari/533.21.1"
10.9.8.10 - - [05/Jun/2011:16:36:22 +0000] "GET /images/edit.png HTTP/1.1" 304 - "http://idevstore.lan/projects/da/settings/versions" "Mozilla/5.0 (Macintosh; U; Intel Mac OS X 10_6_7; de-de) AppleWebKit/533.21.1 (KHTML, like Gecko) Version/5.0.5 Safari/533.21.1"
10.9.8.10 - - [05/Jun/2011:16:36:22 +0000] "GET /images/delete.png HTTP/1.1" 304 - "http://idevstore.lan/projects/da/settings/versions" "Mozilla/5.0 (Macintosh; U; Intel Mac OS X 10_6_7; de-de) AppleWebKit/533.21.1 (KHTML, like Gecko) Version/5.0.5 Safari/533.21.1"
10.9.8.10 - - [05/Jun/2011:16:36:22 +0000] "GET /images/true.png HTTP/1.1" 304 - "http://idevstore.lan/projects/da/settings/versions" "Mozilla/5.0 (Macintosh; U; Intel Mac OS X 10_6_7; de-de) AppleWebKit/533.21.1 (KHTML, like Gecko) Version/5.0.5 Safari/533.21.1"
10.9.8.10 - - [05/Jun/2011:16:36:22 +0000] "GET /images/toggle_check.png?1306774281 HTTP/1.1" 304 - "http://idevstore.lan/projects/da/settings/versions" "Mozilla/5.0 (Macintosh; U; Intel Mac OS X 10_6_7; de-de) AppleWebKit/533.21.1 (KHTML, like Gecko) Version/5.0.5 Safari/533.21.1"
::1 - - [05/Jun/2011:16:36:29 +0000] "OPTIONS * HTTP/1.0" 200 - "-" "Apache (internal dummy connection)"
10.9.8.10 - - [05/Jun/2011:16:37:04 +0000] "GET /projects/da/boards/new HTTP/1.1" 200 5209 "-" "Mozilla/5.0 (Macintosh; U; Intel Mac OS X 10_6_7; de-de) AppleWebKit/533.21.1 (KHTML, like Gecko) Version/5.0.5 Safari/533.21.1"
10.9.8.10 - - [05/Jun/2011:16:37:04 +0000] "GET /stylesheets/application.css?1306774282 HTTP/1.1" 304 - "http://idevstore.lan/projects/da/boards/new" "Mozilla/5.0 (Macintosh; U; Intel Mac OS X 10_6_7; de-de) AppleWebKit/533.21.1 (KHTML, like Gecko) Version/5.0.5 Safari/533.21.1"
10.9.8.10 - - [05/Jun/2011:16:37:04 +0000] "GET /javascripts/dragdrop.js?1306774282 HTTP/1.1" 304 - "http://idevstore.lan/projects/da/boards/new" "Mozilla/5.0 (Macintosh; U; Intel Mac OS X 10_6_7; de-de) AppleWebKit/533.21.1 (KHTML, like Gecko) Version/5.0.5 Safari/533.21.1"
10.9.8.10 - - [05/Jun/2011:16:37:04 +0000] "GET /javascripts/controls.js?1306774282 HTTP/1.1" 304 - "http://idevstore.lan/projects/da/boards/new" "Mozilla/5.0 (Macintosh; U; Intel Mac OS X 10_6_7; de-de) AppleWebKit/533.21.1 (KHTML, like Gecko) Version/5.0.5 Safari/533.21.1"
10.9.8.10 - - [05/Jun/2011:16:37:04 +0000] "GET /javascripts/effects.js?1306774282 HTTP/1.1" 304 - "http://idevstore.lan/projects/da/boards/new" "Mozilla/5.0 (Macintosh; U; Intel Mac OS X 10_6_7; de-de) AppleWebKit/533.21.1 (KHTML, like Gecko) Version/5.0.5 Safari/533.21.1"
10.9.8.10 - - [05/Jun/2011:16:37:04 +0000] "GET /javascripts/application.js?1306774282 HTTP/1.1" 304 - "http://idevstore.lan/projects/da/boards/new" "Mozilla/5.0 (Macintosh; U; Intel Mac OS X 10_6_7; de-de) AppleWebKit/533.21.1 (KHTML, like Gecko) Version/5.0.5 Safari/533.21.1"
10.9.8.10 - - [05/Jun/2011:16:37:04 +0000] "GET /javascripts/prototype.js?1306774282 HTTP/1.1" 304 - "http://idevstore.lan/projects/da/boards/new" "Mozilla/5.0 (Macintosh; U; Intel Mac OS X 10_6_7; de-de) AppleWebKit/533.21.1 (KHTML, like Gecko) Version/5.0.5 Safari/533.21.1"
::1 - - [05/Jun/2011:16:37:11 +0000] "OPTIONS * HTTP/1.0" 200 - "-" "Apache (internal dummy connection)"
10.9.8.10 - - [05/Jun/2011:16:37:44 +0000] "POST /projects/da/boards/new HTTP/1.1" 302 114 "http://idevstore.lan/projects/da/boards/new" "Mozilla/5.0 (Macintosh; U; Intel Mac OS X 10_6_7; de-de) AppleWebKit/533.21.1 (KHTML, like Gecko) Version/5.0.5 Safari/533.21.1"
10.9.8.10 - - [05/Jun/2011:16:37:44 +0000] "GET /projects/da/settings/boards HTTP/1.1" 200 31394 "http://idevstore.lan/projects/da/boards/new" "Mozilla/5.0 (Macintosh; U; Intel Mac OS X 10_6_7; de-de) AppleWebKit/533.21.1 (KHTML, like Gecko) Version/5.0.5 Safari/533.21.1"
10.9.8.10 - - [05/Jun/2011:16:37:44 +0000] "GET /javascripts/controls.js?1306774282 HTTP/1.1" 304 - "http://idevstore.lan/projects/da/settings/boards" "Mozilla/5.0 (Macintosh; U; Intel Mac OS X 10_6_7; de-de) AppleWebKit/533.21.1 (KHTML, like Gecko) Version/5.0.5 Safari/533.21.1"
10.9.8.10 - - [05/Jun/2011:16:37:44 +0000] "GET /stylesheets/jstoolbar.css?1306774282 HTTP/1.1" 304 - "http://idevstore.lan/projects/da/settings/boards" "Mozilla/5.0 (Macintosh; U; Intel Mac OS X 10_6_7; de-de) AppleWebKit/533.21.1 (KHTML, like Gecko) Version/5.0.5 Safari/533.21.1"
10.9.8.10 - - [05/Jun/2011:16:37:44 +0000] "GET /stylesheets/application.css?1306774282 HTTP/1.1" 304 - "http://idevstore.lan/projects/da/settings/boards" "Mozilla/5.0 (Macintosh; U; Intel Mac OS X 10_6_7; de-de) AppleWebKit/533.21.1 (KHTML, like Gecko) Version/5.0.5 Safari/533.21.1"
10.9.8.10 - - [05/Jun/2011:16:37:44 +0000] "GET /javascripts/application.js?1306774282 HTTP/1.1" 304 - "http://idevstore.lan/projects/da/settings/boards" "Mozilla/5.0 (Macintosh; U; Intel Mac OS X 10_6_7; de-de) AppleWebKit/533.21.1 (KHTML, like Gecko) Version/5.0.5 Safari/533.21.1"
10.9.8.10 - - [05/Jun/2011:16:37:44 +0000] "GET /javascripts/jstoolbar/jstoolbar.js?1306774282 HTTP/1.1" 304 - "http://idevstore.lan/projects/da/settings/boards" "Mozilla/5.0 (Macintosh; U; Intel Mac OS X 10_6_7; de-de) AppleWebKit/533.21.1 (KHTML, like Gecko) Version/5.0.5 Safari/533.21.1"
10.9.8.10 - - [05/Jun/2011:16:37:44 +0000] "GET /javascripts/dragdrop.js?1306774282 HTTP/1.1" 304 - "http://idevstore.lan/projects/da/settings/boards" "Mozilla/5.0 (Macintosh; U; Intel Mac OS X 10_6_7; de-de) AppleWebKit/533.21.1 (KHTML, like Gecko) Version/5.0.5 Safari/533.21.1"
10.9.8.10 - - [05/Jun/2011:16:37:44 +0000] "GET /javascripts/prototype.js?1306774282 HTTP/1.1" 304 - "http://idevstore.lan/projects/da/settings/boards" "Mozilla/5.0 (Macintosh; U; Intel Mac OS X 10_6_7; de-de) AppleWebKit/533.21.1 (KHTML, like Gecko) Version/5.0.5 Safari/533.21.1"
10.9.8.10 - - [05/Jun/2011:16:37:44 +0000] "GET /javascripts/effects.js?1306774282 HTTP/1.1" 304 - "http://idevstore.lan/projects/da/settings/boards" "Mozilla/5.0 (Macintosh; U; Intel Mac OS X 10_6_7; de-de) AppleWebKit/533.21.1 (KHTML, like Gecko) Version/5.0.5 Safari/533.21.1"
10.9.8.10 - - [05/Jun/2011:16:37:44 +0000] "GET /javascripts/jstoolbar/textile.js?1306774282 HTTP/1.1" 304 - "http://idevstore.lan/projects/da/settings/boards" "Mozilla/5.0 (Macintosh; U; Intel Mac OS X 10_6_7; de-de) AppleWebKit/533.21.1 (KHTML, like Gecko) Version/5.0.5 Safari/533.21.1"
10.9.8.10 - - [05/Jun/2011:16:37:44 +0000] "GET /javascripts/jstoolbar/lang/jstoolbar-de.js?1306774282 HTTP/1.1" 304 - "http://idevstore.lan/projects/da/settings/boards" "Mozilla/5.0 (Macintosh; U; Intel Mac OS X 10_6_7; de-de) AppleWebKit/533.21.1 (KHTML, like Gecko) Version/5.0.5 Safari/533.21.1"
10.9.8.10 - - [05/Jun/2011:16:37:44 +0000] "GET /images/edit.png HTTP/1.1" 304 - "http://idevstore.lan/projects/da/settings/boards" "Mozilla/5.0 (Macintosh; U; Intel Mac OS X 10_6_7; de-de) AppleWebKit/533.21.1 (KHTML, like Gecko) Version/5.0.5 Safari/533.21.1"
10.9.8.10 - - [05/Jun/2011:16:37:44 +0000] "GET /images/1uparrow.png?1306774281 HTTP/1.1" 304 - "http://idevstore.lan/projects/da/settings/boards" "Mozilla/5.0 (Macintosh; U; Intel Mac OS X 10_6_7; de-de) AppleWebKit/533.21.1 (KHTML, like Gecko) Version/5.0.5 Safari/533.21.1"
10.9.8.10 - - [05/Jun/2011:16:37:44 +0000] "GET /images/1downarrow.png?1306774281 HTTP/1.1" 304 - "http://idevstore.lan/projects/da/settings/boards" "Mozilla/5.0 (Macintosh; U; Intel Mac OS X 10_6_7; de-de) AppleWebKit/533.21.1 (KHTML, like Gecko) Version/5.0.5 Safari/533.21.1"
10.9.8.10 - - [05/Jun/2011:16:37:44 +0000] "GET /images/true.png HTTP/1.1" 304 - "http://idevstore.lan/projects/da/settings/boards" "Mozilla/5.0 (Macintosh; U; Intel Mac OS X 10_6_7; de-de) AppleWebKit/533.21.1 (KHTML, like Gecko) Version/5.0.5 Safari/533.21.1"
10.9.8.10 - - [05/Jun/2011:16:37:44 +0000] "GET /images/2downarrow.png?1306774281 HTTP/1.1" 304 - "http://idevstore.lan/projects/da/settings/boards" "Mozilla/5.0 (Macintosh; U; Intel Mac OS X 10_6_7; de-de) AppleWebKit/533.21.1 (KHTML, like Gecko) Version/5.0.5 Safari/533.21.1"
10.9.8.10 - - [05/Jun/2011:16:37:44 +0000] "GET /images/2uparrow.png?1306774281 HTTP/1.1" 304 - "http://idevstore.lan/projects/da/settings/boards" "Mozilla/5.0 (Macintosh; U; Intel Mac OS X 10_6_7; de-de) AppleWebKit/533.21.1 (KHTML, like Gecko) Version/5.0.5 Safari/533.21.1"
10.9.8.10 - - [05/Jun/2011:16:37:44 +0000] "GET /images/delete.png HTTP/1.1" 304 - "http://idevstore.lan/projects/da/settings/boards" "Mozilla/5.0 (Macintosh; U; Intel Mac OS X 10_6_7; de-de) AppleWebKit/533.21.1 (KHTML, like Gecko) Version/5.0.5 Safari/533.21.1"
10.9.8.10 - - [05/Jun/2011:16:37:44 +0000] "GET /images/toggle_check.png?1306774281 HTTP/1.1" 304 - "http://idevstore.lan/projects/da/settings/boards" "Mozilla/5.0 (Macintosh; U; Intel Mac OS X 10_6_7; de-de) AppleWebKit/533.21.1 (KHTML, like Gecko) Version/5.0.5 Safari/533.21.1"
10.9.8.10 - - [05/Jun/2011:16:37:48 +0000] "GET /projects/da/boards/1/edit HTTP/1.1" 200 5387 "http://idevstore.lan/projects/da/settings/boards" "Mozilla/5.0 (Macintosh; U; Intel Mac OS X 10_6_7; de-de) AppleWebKit/533.21.1 (KHTML, like Gecko) Version/5.0.5 Safari/533.21.1"
10.9.8.10 - - [05/Jun/2011:16:37:54 +0000] "POST /projects/da/boards/1/edit HTTP/1.1" 302 114 "http://idevstore.lan/projects/da/boards/1/edit" "Mozilla/5.0 (Macintosh; U; Intel Mac OS X 10_6_7; de-de) AppleWebKit/533.21.1 (KHTML, like Gecko) Version/5.0.5 Safari/533.21.1"
10.9.8.10 - - [05/Jun/2011:16:37:54 +0000] "GET /projects/da/settings/boards HTTP/1.1" 200 31341 "http://idevstore.lan/projects/da/boards/1/edit" "Mozilla/5.0 (Macintosh; U; Intel Mac OS X 10_6_7; de-de) AppleWebKit/533.21.1 (KHTML, like Gecko) Version/5.0.5 Safari/533.21.1"
10.9.8.10 - - [05/Jun/2011:16:37:54 +0000] "GET /javascripts/application.js?1306774282 HTTP/1.1" 304 - "http://idevstore.lan/projects/da/settings/boards" "Mozilla/5.0 (Macintosh; U; Intel Mac OS X 10_6_7; de-de) AppleWebKit/533.21.1 (KHTML, like Gecko) Version/5.0.5 Safari/533.21.1"
10.9.8.10 - - [05/Jun/2011:16:37:54 +0000] "GET /javascripts/controls.js?1306774282 HTTP/1.1" 304 - "http://idevstore.lan/projects/da/settings/boards" "Mozilla/5.0 (Macintosh; U; Intel Mac OS X 10_6_7; de-de) AppleWebKit/533.21.1 (KHTML, like Gecko) Version/5.0.5 Safari/533.21.1"
10.9.8.10 - - [05/Jun/2011:16:37:54 +0000] "GET /javascripts/effects.js?1306774282 HTTP/1.1" 304 - "http://idevstore.lan/projects/da/settings/boards" "Mozilla/5.0 (Macintosh; U; Intel Mac OS X 10_6_7; de-de) AppleWebKit/533.21.1 (KHTML, like Gecko) Version/5.0.5 Safari/533.21.1"
10.9.8.10 - - [05/Jun/2011:16:37:54 +0000] "GET /stylesheets/application.css?1306774282 HTTP/1.1" 304 - "http://idevstore.lan/projects/da/settings/boards" "Mozilla/5.0 (Macintosh; U; Intel Mac OS X 10_6_7; de-de) AppleWebKit/533.21.1 (KHTML, like Gecko) Version/5.0.5 Safari/533.21.1"
10.9.8.10 - - [05/Jun/2011:16:37:54 +0000] "GET /javascripts/jstoolbar/jstoolbar.js?1306774282 HTTP/1.1" 304 - "http://idevstore.lan/projects/da/settings/boards" "Mozilla/5.0 (Macintosh; U; Intel Mac OS X 10_6_7; de-de) AppleWebKit/533.21.1 (KHTML, like Gecko) Version/5.0.5 Safari/533.21.1"
10.9.8.10 - - [05/Jun/2011:16:37:54 +0000] "GET /stylesheets/jstoolbar.css?1306774282 HTTP/1.1" 304 - "http://idevstore.lan/projects/da/settings/boards" "Mozilla/5.0 (Macintosh; U; Intel Mac OS X 10_6_7; de-de) AppleWebKit/533.21.1 (KHTML, like Gecko) Version/5.0.5 Safari/533.21.1"
10.9.8.10 - - [05/Jun/2011:16:37:54 +0000] "GET /javascripts/dragdrop.js?1306774282 HTTP/1.1" 304 - "http://idevstore.lan/projects/da/settings/boards" "Mozilla/5.0 (Macintosh; U; Intel Mac OS X 10_6_7; de-de) AppleWebKit/533.21.1 (KHTML, like Gecko) Version/5.0.5 Safari/533.21.1"
10.9.8.10 - - [05/Jun/2011:16:37:54 +0000] "GET /javascripts/prototype.js?1306774282 HTTP/1.1" 304 - "http://idevstore.lan/projects/da/settings/boards" "Mozilla/5.0 (Macintosh; U; Intel Mac OS X 10_6_7; de-de) AppleWebKit/533.21.1 (KHTML, like Gecko) Version/5.0.5 Safari/533.21.1"
10.9.8.10 - - [05/Jun/2011:16:37:54 +0000] "GET /javascripts/jstoolbar/textile.js?1306774282 HTTP/1.1" 304 - "http://idevstore.lan/projects/da/settings/boards" "Mozilla/5.0 (Macintosh; U; Intel Mac OS X 10_6_7; de-de) AppleWebKit/533.21.1 (KHTML, like Gecko) Version/5.0.5 Safari/533.21.1"
10.9.8.10 - - [05/Jun/2011:16:37:54 +0000] "GET /javascripts/jstoolbar/lang/jstoolbar-de.js?1306774282 HTTP/1.1" 304 - "http://idevstore.lan/projects/da/settings/boards" "Mozilla/5.0 (Macintosh; U; Intel Mac OS X 10_6_7; de-de) AppleWebKit/533.21.1 (KHTML, like Gecko) Version/5.0.5 Safari/533.21.1"
10.9.8.10 - - [05/Jun/2011:16:37:54 +0000] "GET /images/1uparrow.png?1306774281 HTTP/1.1" 304 - "http://idevstore.lan/projects/da/settings/boards" "Mozilla/5.0 (Macintosh; U; Intel Mac OS X 10_6_7; de-de) AppleWebKit/533.21.1 (KHTML, like Gecko) Version/5.0.5 Safari/533.21.1"
10.9.8.10 - - [05/Jun/2011:16:37:54 +0000] "GET /images/edit.png HTTP/1.1" 304 - "http://idevstore.lan/projects/da/settings/boards" "Mozilla/5.0 (Macintosh; U; Intel Mac OS X 10_6_7; de-de) AppleWebKit/533.21.1 (KHTML, like Gecko) Version/5.0.5 Safari/533.21.1"
10.9.8.10 - - [05/Jun/2011:16:37:54 +0000] "GET /images/delete.png HTTP/1.1" 304 - "http://idevstore.lan/projects/da/settings/boards" "Mozilla/5.0 (Macintosh; U; Intel Mac OS X 10_6_7; de-de) AppleWebKit/533.21.1 (KHTML, like Gecko) Version/5.0.5 Safari/533.21.1"
10.9.8.10 - - [05/Jun/2011:16:37:54 +0000] "GET /images/2uparrow.png?1306774281 HTTP/1.1" 304 - "http://idevstore.lan/projects/da/settings/boards" "Mozilla/5.0 (Macintosh; U; Intel Mac OS X 10_6_7; de-de) AppleWebKit/533.21.1 (KHTML, like Gecko) Version/5.0.5 Safari/533.21.1"
10.9.8.10 - - [05/Jun/2011:16:37:54 +0000] "GET /images/1downarrow.png?1306774281 HTTP/1.1" 304 - "http://idevstore.lan/projects/da/settings/boards" "Mozilla/5.0 (Macintosh; U; Intel Mac OS X 10_6_7; de-de) AppleWebKit/533.21.1 (KHTML, like Gecko) Version/5.0.5 Safari/533.21.1"
10.9.8.10 - - [05/Jun/2011:16:37:54 +0000] "GET /images/2downarrow.png?1306774281 HTTP/1.1" 304 - "http://idevstore.lan/projects/da/settings/boards" "Mozilla/5.0 (Macintosh; U; Intel Mac OS X 10_6_7; de-de) AppleWebKit/533.21.1 (KHTML, like Gecko) Version/5.0.5 Safari/533.21.1"
10.9.8.10 - - [05/Jun/2011:16:37:54 +0000] "GET /images/toggle_check.png?1306774281 HTTP/1.1" 304 - "http://idevstore.lan/projects/da/settings/boards" "Mozilla/5.0 (Macintosh; U; Intel Mac OS X 10_6_7; de-de) AppleWebKit/533.21.1 (KHTML, like Gecko) Version/5.0.5 Safari/533.21.1"
127.0.0.1 - - [05/Jun/2011:16:38:01 +0000] "GET /sys/projects.xml?key=zIX44GHFfdKKffNU8zvw HTTP/1.1" 200 2895 "-" "Redmine repository manager/1.3"
::1 - - [05/Jun/2011:16:38:01 +0000] "OPTIONS * HTTP/1.0" 200 - "-" "Apache (internal dummy connection)"
10.9.8.10 - - [05/Jun/2011:16:38:11 +0000] "GET /admin HTTP/1.1" 200 4464 "http://idevstore.lan/projects/da/settings/boards" "Mozilla/5.0 (Macintosh; U; Intel Mac OS X 10_6_7; de-de) AppleWebKit/533.21.1 (KHTML, like Gecko) Version/5.0.5 Safari/533.21.1"
10.9.8.10 - - [05/Jun/2011:16:38:12 +0000] "GET /users HTTP/1.1" 200 10209 "http://idevstore.lan/admin" "Mozilla/5.0 (Macintosh; U; Intel Mac OS X 10_6_7; de-de) AppleWebKit/533.21.1 (KHTML, like Gecko) Version/5.0.5 Safari/533.21.1"
10.9.8.10 - - [05/Jun/2011:16:38:13 +0000] "GET /images/sort_asc.png HTTP/1.1" 304 - "http://idevstore.lan/users" "Mozilla/5.0 (Macintosh; U; Intel Mac OS X 10_6_7; de-de) AppleWebKit/533.21.1 (KHTML, like Gecko) Version/5.0.5 Safari/533.21.1"
10.9.8.10 - - [05/Jun/2011:16:38:17 +0000] "GET /users/new HTTP/1.1" 200 19152 "http://idevstore.lan/users" "Mozilla/5.0 (Macintosh; U; Intel Mac OS X 10_6_7; de-de) AppleWebKit/533.21.1 (KHTML, like Gecko) Version/5.0.5 Safari/533.21.1"
10.9.8.10 - - [05/Jun/2011:16:38:40 +0000] "GET /settings HTTP/1.1" 200 34228 "http://idevstore.lan/users/new" "Mozilla/5.0 (Macintosh; U; Intel Mac OS X 10_6_7; de-de) AppleWebKit/533.21.1 (KHTML, like Gecko) Version/5.0.5 Safari/533.21.1"
10.9.8.10 - - [05/Jun/2011:16:38:56 +0000] "POST /settings/edit?tab=mail_handler HTTP/1.1" 302 117 "http://idevstore.lan/settings" "Mozilla/5.0 (Macintosh; U; Intel Mac OS X 10_6_7; de-de) AppleWebKit/533.21.1 (KHTML, like Gecko) Version/5.0.5 Safari/533.21.1"
10.9.8.10 - - [05/Jun/2011:16:38:56 +0000] "GET /settings/edit?tab=mail_handler HTTP/1.1" 200 34342 "http://idevstore.lan/settings" "Mozilla/5.0 (Macintosh; U; Intel Mac OS X 10_6_7; de-de) AppleWebKit/533.21.1 (KHTML, like Gecko) Version/5.0.5 Safari/533.21.1"
10.9.8.10 - - [05/Jun/2011:16:38:56 +0000] "GET /stylesheets/application.css?1306774282 HTTP/1.1" 304 - "http://idevstore.lan/settings/edit?tab=mail_handler" "Mozilla/5.0 (Macintosh; U; Intel Mac OS X 10_6_7; de-de) AppleWebKit/533.21.1 (KHTML, like Gecko) Version/5.0.5 Safari/533.21.1"
10.9.8.10 - - [05/Jun/2011:16:38:56 +0000] "GET /javascripts/controls.js?1306774282 HTTP/1.1" 304 - "http://idevstore.lan/settings/edit?tab=mail_handler" "Mozilla/5.0 (Macintosh; U; Intel Mac OS X 10_6_7; de-de) AppleWebKit/533.21.1 (KHTML, like Gecko) Version/5.0.5 Safari/533.21.1"
10.9.8.10 - - [05/Jun/2011:16:38:56 +0000] "GET /javascripts/prototype.js?1306774282 HTTP/1.1" 304 - "http://idevstore.lan/settings/edit?tab=mail_handler" "Mozilla/5.0 (Macintosh; U; Intel Mac OS X 10_6_7; de-de) AppleWebKit/533.21.1 (KHTML, like Gecko) Version/5.0.5 Safari/533.21.1"
10.9.8.10 - - [05/Jun/2011:16:38:56 +0000] "GET /stylesheets/jstoolbar.css?1306774282 HTTP/1.1" 304 - "http://idevstore.lan/settings/edit?tab=mail_handler" "Mozilla/5.0 (Macintosh; U; Intel Mac OS X 10_6_7; de-de) AppleWebKit/533.21.1 (KHTML, like Gecko) Version/5.0.5 Safari/533.21.1"
10.9.8.10 - - [05/Jun/2011:16:38:56 +0000] "GET /javascripts/effects.js?1306774282 HTTP/1.1" 304 - "http://idevstore.lan/settings/edit?tab=mail_handler" "Mozilla/5.0 (Macintosh; U; Intel Mac OS X 10_6_7; de-de) AppleWebKit/533.21.1 (KHTML, like Gecko) Version/5.0.5 Safari/533.21.1"
10.9.8.10 - - [05/Jun/2011:16:38:56 +0000] "GET /javascripts/dragdrop.js?1306774282 HTTP/1.1" 304 - "http://idevstore.lan/settings/edit?tab=mail_handler" "Mozilla/5.0 (Macintosh; U; Intel Mac OS X 10_6_7; de-de) AppleWebKit/533.21.1 (KHTML, like Gecko) Version/5.0.5 Safari/533.21.1"
10.9.8.10 - - [05/Jun/2011:16:38:56 +0000] "GET /javascripts/application.js?1306774282 HTTP/1.1" 304 - "http://idevstore.lan/settings/edit?tab=mail_handler" "Mozilla/5.0 (Macintosh; U; Intel Mac OS X 10_6_7; de-de) AppleWebKit/533.21.1 (KHTML, like Gecko) Version/5.0.5 Safari/533.21.1"
